2 + 6*l + 3. What is the remainder when q(x) is divided by 8?
7
Let t(p) = p**3 + p - 23. Let u be t(0). Let m = u - -148. Calculate the remainder when m is divided by 32.
29
Let i(o) = o**2 + 1. Let b be i(1). Let l = 7 + -3. Let v = l - b. What is the remainder when 3 is divided by v?
1
Let l be (9/2)/(2/(-8)). Let o = l - -27. What is the remainder when 15 is divided by o?
6
Let w be (6/(-4))/(1/(-14)). Suppose -2*k = k + 18. Calculate the remainder when (-640)/(-14) - k/w is divided by 16.
14
Let i = 96 + -71. Let y(p) = p**3 - 2*p**2 - 5*p - 3. Calculate the remainder when i is divided by y(4).
7
Suppose 0 = 2*p - 4*w - 70, -p = -0*w + 4*w - 5. Calculate the remainder when p is divided by 7.
4
Suppose 3*a + 4*x - 90 = 0, -3*x - x = -4*a + 120. Calculate the remainder when 65 is divided by a.
5
Let q = -65 - -38. Let g = -4 - q. Let o = -26 + 38. Calculate the remainder when g is divided by o.
11
Let s be (-2)/(-8) + 34/(-8). Let o be 6/10 + s/(-10). Let x = o - -1. Calculate the remainder when 3 is divided by x.
1
Let w(q) = 2*q**2 - 2*q - 1. Let j(o) = o + 5. Let v be j(-5). Suppose v = 3*m - 6 - 6. Calculate the remainder when w(m) is divided by 12.
11
Let b = 13 + 2. Calculate the remainder when 58 is divided by b.
13
Let q = 9 + -4. Suppose -q*p = -9 - 1. What is the remainder when 4 is divided by p?
0
Let r(c) = c**2 - 2*c - 2. Let g be r(-2). Suppose 5*l = -5*v - 20, -l - 6 = 2*v + g. Let m = -6 - v. Calculate the remainder when m is divided by 2.
0
Let x(g) = -10*g. Calculate the remainder when 46 is divided by x(-1).
6
Suppose 4*x + 5*w - 116 + 28 = 0, -w = 0. Calculate the remainder when x is divided by 6.
4
Suppose 46 = 5*t - 44. Calculate the remainder when (-501)/(-15) - 2/5 is divided by t.
15
Calculate the remainder when (-2)/2 + -4*(-11 - -1) is divided by 14.
11
Let l = 25 + 25. Let x be 70/(-21) + 1/3. Let c(u) = -5*u + 2. Calculate the remainder when l is divided by c(x).
16
Suppose 4*a - 2*t - 338 = 0, t - 480 + 133 = -4*a. Suppose -2*b + b = -y + 37, 2*y = 5*b + a. What is the remainder when y is divided by 17?
16
Let o be 1*(1 - 0 - -1). Suppose 0 = o*g - 3 - 1. Calculate the remainder when 1 is divided by g + -2 + 1 - 0.
0
Let i be 2976/21 + 2/7. What is the remainder when i/4 + 27/18 is divided by 19?
18
Suppose 5*p - 5*f = 40, p - f - 3*f = 14. Let h = -3 + p. Suppose 2*k - h*y - 155 = -27, 0 = 5*k + y - 337. What is the remainder when k is divided by 23?
21
Suppose -5*a + 5*f + 102 = -88, 4*f = -16. What is the remainder when a is divided by 6/9 - (-68)/6?
10
Let p be (3/3)/(-2)*-26. Let y = p - -1. Calculate the remainder when y is divided by 8.
6
Let q(t) = 2*t**2 - t + 1. What is the remainder when 79 is divided by q(-3)?
13
Let s = 18 - 5. What is the remainder when 36 is divided by s?
10
Let q(s) = -7*s**2 + 14*s + 3. Let x(z) = 4*z**2 - 7*z - 2. Let k(l) = -3*q(l) - 5*x(l). What is the remainder when 2 is divided by k(7)?
0
Let c = 13 + 0. Suppose 4*l + 7 - 35 = 0. Calculate the remainder when c is divided by l.
6
Suppose 0 = -4*p - 18 + 66. Let o(g) = -g**2 - 4*g. Let v be o(-2). Suppose 44 = -v*w + 6*w. Calculate the remainder when w is divided by p.
10
Let c(o) = -9*o - 22. Calculate the remainder when -12*(20/(-6) - 0) is divided by c(-4).
12
What is the remainder when (1185/(-6))/(-5) + (-3)/(-2) is divided by 5?
1
Calculate the remainder when -3 + 388/24 - 2/12 is divided by (-1*1)/((-2)/8).
1
Suppose 2*b + 62 - 106 = 0. Let f = 9 + -1. Calculate the remainder when b is divided by f.
6
Let w = -5 + 4. Calculate the remainder when 0/3 - -2*1 is divided by (-5)/(-2) + w/2.
0
Let o be (0 - 25)/((-1)/2). Let a = 73 - o. What is the remainder when a is divided by 5?
3
Let p = 17 + 21. Let q(u) = -3*u - 8. Calculate the remainder when p is divided by q(-7).
12
Let k = -13 - -18. Calculate the remainder when 17 is divided by k.
2
Suppose 4*n = c - 0*n - 5, 2 = c - n. What is the remainder when (-52)/c*(-3 + 2) is divided by 18?
16
Let v(j) = -j**3 + 3*j**2 + 2*j + 1. Suppose 2*x = -x. Suppose x*f = f - 3. Calculate the remainder when 19 is divided by v(f).
5
Suppose -3*m + 7 + 5 = 0. Suppose 54 = m*f - 2*n, f + 3 = 2*f + 3*n. What is the remainder when f is divided by 5?
2
Suppose -160 = -8*f + 3*f. What is the remainder when 127 is divided by f?
31
Suppose -4*p - 136 = -3*d, -4*d + 48 = -3*d - 4*p. What is the remainder when 85 is divided by d?
41
Suppose -d = -3, 1 = -b + 2*d + 2*d. Calculate the remainder when 53 is divided by b.
9
Suppose d = 6*d - 15. What is the remainder when 12 is divided by 120/(-16)*(-2)/d?
2
Calculate the remainder when 6/1*(-11)/(-2) is divided by 18.
15
Suppose 4*p + 5*o = -1 + 38, -17 = p - 4*o. Suppose 3*v = -p*z - 0*z + 9, -5*v + 25 = 3*z. What is the remainder when 30 is divided by v?
6
Let h = -71 - -98. What is the remainder when 56 is divided by h?
2
Suppose 0 = -17*c + 261 + 28. Let t = 27 + -15. Suppose 0*h = -2*h + t. What is the remainder when c is divided by h?
5
Let j(o) = 19*o - 1. Calculate the remainder when j(2) is divided by 2/(-8) + (-106)/(-8).
11
Suppose -4*g = n - 16, -2*n = 3*n - 2*g + 8. Suppose n = -i - 3*h + 43, i - h = 13 + 22. What is the remainder when i is divided by 19?
18
Suppose 0 = -2*i - 0*i + 16. What is the remainder when (-2)/(-2)*(15 + 16) is divided by i?
7
Suppose 0 = -4*z + 4*h + 568, -3*h - 425 = -3*z - h. What is the remainder when z is divided by 36?
33
Let s(k) = -k**3 + k**2 + 5. Let w be 2 - (-4 - (3 + -6)). Suppose -w*n = -0*n. Calculate the remainder when 8 is divided by s(n).
3
Suppose -3*r + 84 = r. Let z(x) be the second derivative of x**4/12 + 5*x**3/6 + 5*x**2/2 - 2*x. What is the remainder when r is divided by z(-6)?
10
Suppose -2*y - 4 = 0, -a - 5*y - 4 = a. Suppose 5*b + 32 = -28. Calculate the remainder when (b/10)/(18/(-60)) is divided by a.
1
Let n = -5 - -24. Suppose 5*c = 2*t - 103, 5*c + 220 - 78 = 3*t. Suppose 2*l - t = 33. Calculate the remainder when l is divided by n.
17
Calculate the remainder when 2/(5 - 1) - (-5382)/92 is divided by 15.
14
Let m(r) be the first derivative of r**4 + r - 1. Calculate the remainder when 13 is divided by m(1).
3
Let s = 1 - 3. Let r = s + 2. Let l(n) = n + 4. Calculate the remainder when 11 is divided by l(r).
3
Suppose 8*q - 3*q + 5 = 0. Calculate the remainder when q + (3/(-1) - -48) is divided by 15.
14
Let s(g) = -g**3 + 11*g**2 + g - 1. Let f = 21 - 3. Calculate the remainder when f is divided by s(11).
8
Suppose 20*x - 2*x = 108. What is the remainder when 57 is divided by x?
3
Suppose 5*g - g + 4*p = 440, 3*g + 4*p = 331. Suppose 41 - g = -4*j. Calculate the remainder when 65 is divided by j.
14
Let w(t) = t**2 - 9*t + 3. Let u be w(10). Let c = u + 1. Calculate the remainder when 27 is divided by c.
13
Suppose -4*r - 12 + 2 = -2*f, 20 = -3*r + 4*f. Suppose -5*w + 8*a = 4*a - 41, r = a + 4. Let c = w - -9. Calculate the remainder when 41 is divided by c.
13
Let s be (-64)/(-36) + 2/9. Let t = -3 + s. Calculate the remainder when 7 is divided by 2 + t/3*0.
1
Let w = 5 + 1. What is the remainder when 43 is divided by (22/4)/(3/w)?
10
Let y = -236 + 274. Calculate the remainder when y is divided by (-1 - -7)*(-14)/(-6).
10
Suppose 4*v + 167 = 5*w - 377, 5*v + 5 = 0. Suppose -w = -5*b + 3*d - 39, 34 = 2*b + 2*d. What is the remainder when 27 is divided by b?
12
Suppose 5*z + 19 = 3*y, 4*z + 3 = y - 1. Suppose q - 22 = -0*q. What is the remainder when q is divided by y?
6
Suppose 0 = -8*b + 32 + 72. What is the remainder when b is divided by 5?
3
Suppose -q + 4*q = -3*d + 84, 0 = -5*q + d + 158. Let h(y) = 3*y**2 + 4*y + 2. What is the remainder when q is divided by h(-3)?
14
Let p be -1 + 2 + 32/2. Let v = 5 + p. Let g = -39 + 51. What is the remainder when v is divided by g?
10
Suppose 49 = h + 10. Suppose -2*u + 60 = 2*u. Let j = h - u. What is the remainder when j is divided by 9?
6
Let a(y) = y**3 - 6*y**2 + 4*y - 5. Let i be a(5). Let w = 18 + i. Suppose k + 9 = 5*q + 5*k, 0 = -q - 2*k - 3. What is the remainder when w is divided by q?
3
Let s(w) = -w**2 + 7*w + 7. Let h be s(8). What is the remainder when (71 - -2)/(2 + h) is divided by 19?
16
Let h(d) = -4*d. Let u be h(-1). Suppose -3*b = -2*b + u*j - 21, -190 = -5*b - 3*j. Calculate the remainder when b is divided